Calculate the greatest common factor of 1098 and 348961968.
1098
Calculate the greatest common factor of 612 and 302196.
12
What is the greatest common divisor of 18510 and 239975980?
6170
What is the highest common divisor of 9423 and 117153?
27
Calculate the greatest common divisor of 2559578 and 4508.
322
Calculate the greatest common divisor of 113800 and 19346.
1138
What is the highest common factor of 62945988 and 15498?
1722
Calculate the greatest common divisor of 135549 and 1341.
9
Calculate the highest common divisor of 10517422 and 842.
842
Calculate the highest common divisor of 1609 and 18979.
1
What is the greatest common divisor of 1964925 and 1435?
205
What is the greatest common factor of 236 and 52699921?
59
What is the highest common divisor of 3608 and 78474?
902
Calculate the greatest common factor of 29450 and 6169.
31
What is the greatest common divisor of 13465 and 9740581?
2693
What is the greatest common divisor of 100 and 8417628?
4
What is the greatest common factor of 2904252 and 234?
78
Calculate the highest common factor of 972160 and 230.
10
What is the greatest common divisor of 20098728 and 5319?
1773
Calculate the highest common factor of 177563 and 10545.
37
What is the highest common divisor of 467969913 and 265?
53
Calculate the greatest common factor of 744 and 161602752.
744
Calculate the highest common divisor of 11746114 and 4.
2
What is the greatest common divisor of 186903 and 22401?
171
What is the highest common factor of 24078 and 581571986?
8026
What is the highest common divisor of 12 and 46231089?
3
Calculate the highest common factor of 3201058 and 378.
14
What is the highest common factor of 200 and 1267573800?
200
What is the highest common divisor of 6 and 41328784?
2
What is the highest common factor of 1319506695 and 585?
585
What is the greatest common divisor of 797016 and 316800?
264
Calculate the greatest common divisor of 110 and 1952030.
10
What is the highest common divisor of 36 and 41901852?
12
Calculate the highest common divisor of 21678116 and 15304.
7652
Calculate the greatest common factor of 55260766 and 1012.
506
Calculate the highest common factor of 6402 and 12818938.
2134
Calculate the greatest common factor of 3024 and 112573584.
432
What is the highest common divisor of 42 and 28923314?
14
What is the greatest common factor of 177837808 and 6112?
3056
Calculate the highest common divisor of 84051097 and 65.
13
Calculate the greatest common factor of 8142629 and 176.
11
What is the highest common factor of 9634172 and 578?
34
Calculate the greatest common divisor of 32509 and 10829981.
1121
Calculate the highest common divisor of 1024 and 173443968.
128
Calculate the greatest common divisor of 2101840 and 32680.
1720
What is the greatest common divisor of 9711 and 51129?
117
Calculate the greatest common factor of 128417745 and 255.
255
Calculate the highest common divisor of 1511206 and 398.
398
Calculate the highest common factor of 509897 and 259.
37
What is the greatest common factor of 62529 and 290415?
57
Calculate the highest common divisor of 1068 and 8317620.
12
Calculate the highest common divisor of 308 and 3073224.
308
Calculate the highest common factor of 1276735 and 7440.
155
What is the greatest common divisor of 4147450 and 2180?
1090
Calculate the highest common divisor of 2 and 146720974.
2
What is the highest common divisor of 32404800 and 79808?
2752
Calculate the greatest common divisor of 165024 and 128979.
27
Calculate the highest common factor of 22891 and 2108053.
2081
Calculate the highest common factor of 1592 and 36313918.
398
What is the greatest common divisor of 6 and 1033037?
1
What is the greatest common divisor of 95016 and 13866344?
856
Calculate the greatest common divisor of 2146446 and 27.
27
What is the greatest common divisor of 1184855 and 75215?
35
Calculate the highest common divisor of 7659 and 2106676881.
7659
What is the greatest common factor of 85386 and 1683752?
1498
What is the highest common factor of 26768 and 3440?
16
What is the highest common divisor of 9296 and 6207824?
112
What is the greatest common factor of 4001030 and 110?
110
What is the greatest common factor of 17408 and 633472?
128
What is the greatest common divisor of 2824224 and 1248?
1248
What is the highest common divisor of 259383395 and 3935?
3935
What is the highest common divisor of 896297203 and 129?
43
Calculate the greatest common divisor of 333 and 21478833.
333
What is the highest common factor of 383931189 and 45?
9
What is the greatest common factor of 159 and 1775659?
53
Calculate the highest common factor of 29068653 and 1112.
139
What is the highest common divisor of 2 and 2932007?
1
What is the highest common factor of 277885 and 46625?
1865
What is the greatest common factor of 16528 and 600173?
1033
What is the greatest common factor of 4454 and 4634518?
262
What is the highest common divisor of 2577121 and 99481?
1877
Calculate the highest common factor of 422 and 760.
2
What is the greatest common divisor of 13644520 and 2760?
920
Calculate the greatest common factor of 66297093 and 102.
51
Calculate the highest common divisor of 37378 and 392414.
22
What is the greatest common divisor of 65274480 and 720?
720
What is the greatest common divisor of 1623827541 and 84?
21
What is the highest common factor of 5095 and 1103577?
1019
What is the greatest common divisor of 85272 and 528088?
1496
What is the highest common divisor of 6606 and 136134?
18
Calculate the greatest common factor of 25570 and 94130.
10
Calculate the greatest common factor of 710005035 and 1290.
645
Calculate the greatest common factor of 16459200 and 61830.
270
What is the highest common factor of 56862 and 6805539?
1053
What is the greatest common divisor of 87290 and 753130?
2030
What is the highest common divisor of 38350774 and 1441?
1441
Calculate the highest common divisor of 430927965 and 1053.
351
Calculate the highest common divisor of 5040291 and 17448.
2181
Calculate the highest common divisor of 186 and 525622298.
62
Calculate the greatest common divisor of 3159 and 11476296.
351
What is the highest common divisor of 6447 and 88540949?
2149
What is the greatest common divisor of 10888892 and 623?
7
Calculate the highest common divisor of 7209 and 53133.
267
Calculate the highest common divisor of 92218295 and 65.
65
What is the highest common factor of 111 and 1298885?
37
What is the highest common factor of 1364439 and 656?
41
What is the highest common factor of 2322 and 303396003?
1161
Calculate the highest common divisor of 383826 and 515319.
159
What is the greatest common factor of 6993 and 87727?
37
Calculate the greatest common factor of 248995 and 2185.
95
Calculate the highest common factor of 682909 and 10841.
37
What is the greatest common divisor of 9690 and 437461510?
3230
What is the greatest common divisor of 284960 and 10400?
2080
Calculate the highest common factor of 240237883 and 94352.
5897
What is the highest common factor of 40 and 270275?
5
Calculate the greatest common divisor of 44052 and 47004.
12
Calculate the greatest common factor of 30940 and 18955300.
1820
What is the greatest common divisor of 183676 and 41172?
188
What is the greatest common factor of 792408 and 364392?
5784
What is the highest common divisor of 180628 and 1820?
28
What is the highest common factor of 763 and 5513329?
109
Calculate the highest common divisor of 14415 and 434372.
961
Calculate the highest common factor of 137895550 and 104.
26
What is the highest common divisor of 67584 and 157157376?
6144
Calculate the highest common factor of 6925475 and 98975.
925
What is the greatest common factor of 1943500 and 2596700?
2300
What is the highest common factor of 576 and 19744672?
32
What is the greatest common divisor of 14080 and 136235?
55
Calculate the greatest common divisor of 1308909 and 1856211.
3297
What is the highest common divisor of 16524 and 1543536?
972
Calculate the greatest common divisor of 2168046 and 7.
1
Calculate the greatest common divisor of 5240425 and 60625.
2425
What is the greatest common divisor of 74 and 163862492?
74
What is the greatest common divisor of 1050 and 8208480?
210
What is the highest common divisor 